greatest common divisor of 2605454 and 34?
34
What is the highest common divisor of 1232 and 21707?
7
What is the highest common divisor of 102740 and 1870?
110
Calculate the greatest common divisor of 13368 and 12.
12
What is the greatest common divisor of 6339 and 105?
3
What is the highest common divisor of 262420 and 100?
20
Calculate the highest common factor of 12 and 255.
3
Calculate the highest common factor of 270 and 36710.
10
Calculate the highest common divisor of 121 and 5456.
11
What is the highest common factor of 137868 and 132?
12
What is the greatest common divisor of 47495 and 10465?
805
Calculate the greatest common factor of 425 and 35819.
17
Calculate the highest common factor of 8143 and 3791.
17
Calculate the highest common factor of 935704 and 343.
343
Calculate the greatest common divisor of 30846 and 101850.
582
What is the greatest common divisor of 153948 and 60?
12
Calculate the greatest common divisor of 7410 and 494475.
285
Calculate the highest common divisor of 1178298 and 33.
33
What is the greatest common divisor of 179325 and 480?
15
What is the greatest common factor of 594 and 3618?
54
What is the highest common divisor of 10698 and 2975827?
1783
Calculate the greatest common factor of 2233225 and 25.
25
What is the greatest common factor of 2944 and 27?
1
Calculate the greatest common divisor of 178074 and 702.
234
Calculate the greatest common factor of 5 and 37255.
5
Calculate the greatest common divisor of 324 and 17334.
162
Calculate the highest common factor of 7084 and 1100.
44
Calculate the greatest common factor of 441 and 88788.
147
What is the highest common factor of 15343 and 1474?
67
What is the greatest common divisor of 140112 and 336?
336
What is the highest common factor of 2034 and 216?
18
Calculate the greatest common divisor of 180151 and 329.
47
What is the highest common divisor of 3447 and 732679?
383
Calculate the highest common divisor of 448 and 2895088.
112
What is the highest common divisor of 37863 and 315?
63
Calculate the greatest common divisor of 1280 and 24370.
10
Calculate the greatest common divisor of 5236 and 252.
28
Calculate the greatest common divisor of 27 and 16251.
3
Calculate the highest common divisor of 3024889 and 6755.
1351
What is the greatest common factor of 9 and 158607?
9
Calculate the highest common divisor of 203 and 87.
29
What is the greatest common factor of 209 and 76?
19
What is the highest common factor of 330 and 189992?
22
Calculate the greatest common divisor of 2562 and 8190.
42
Calculate the greatest common divisor of 124 and 6570946.
62
Calculate the highest common divisor of 36741954 and 309.
309
Calculate the highest common divisor of 95 and 120536.
19
What is the greatest common factor of 1547 and 17901?
221
What is the highest common factor of 776025 and 450?
225
What is the highest common divisor of 2598 and 3046155?
1299
What is the highest common factor of 14137001 and 1051?
1051
What is the greatest common factor of 3724 and 491302?
266
Calculate the highest common divisor of 603 and 287497.
67
Calculate the greatest common divisor of 3888 and 19872.
432
Calculate the highest common factor of 1323609 and 42.
21
What is the greatest common factor of 145 and 48256?
29
What is the highest common factor of 6 and 5606?
2
What is the greatest common divisor of 2658 and 113851?
443
What is the highest common factor of 62055 and 394?
197
Calculate the highest common factor of 177924 and 12.
12
What is the greatest common factor of 2875 and 1625?
125
Calculate the highest common divisor of 185 and 19351.
37
What is the highest common divisor of 578145 and 5?
5
Calculate the greatest common divisor of 4200 and 42645.
15
What is the highest common factor of 370 and 4133270?
370
Calculate the greatest common divisor of 680 and 203480.
40
What is the greatest common factor of 211000 and 1200?
200
What is the greatest common divisor of 3300 and 132900?
300
What is the greatest common factor of 77970 and 80?
10
What is the highest common divisor of 11147 and 1099?
157
Calculate the greatest common factor of 2 and 90674.
2
What is the highest common divisor of 102284 and 126?
14
Calculate the highest common divisor of 228 and 1153832.
76
What is the highest common divisor of 2457600 and 300?
300
Calculate the highest common divisor of 361515 and 3.
3
Calculate the greatest common factor of 620 and 6980.
20
Calculate the highest common factor of 624 and 6972.
12
What is the greatest common divisor of 163910 and 370?
370
What is the greatest common factor of 29256 and 88?
8
What is the greatest common divisor of 208 and 6798584?
104
Calculate the greatest common factor of 1358 and 2457.
7
What is the highest common divisor of 15428 and 4921?
133
Calculate the greatest common factor of 6968 and 427661.
871
Calculate the highest common factor of 692 and 228706.
346
What is the highest common divisor of 220688 and 16?
16
What is the highest common divisor of 325542 and 4?
2
What is the highest common divisor of 148032 and 3456?
576
What is the greatest common factor of 5385 and 31935?
15
Calculate the highest common divisor of 24 and 5806416.
24
What is the highest common factor of 44359 and 903?
7
What is the greatest common factor of 226 and 5303?
1
Calculate the greatest common factor of 7 and 10081.
1
Calculate the greatest common divisor of 569511 and 108.
27
Calculate the greatest common divisor of 49 and 6835.
1
Calculate the greatest common divisor of 6120 and 1504296.
1224
Calculate the highest common divisor of 2072 and 112448.
56
What is the greatest common divisor of 832 and 2808?
104
What is the greatest common factor of 735 and 13279?
49
Calculate the highest common divisor of 1540365 and 15.
15
Calculate the greatest common divisor of 385 and 19495.
35
Calculate the highest common divisor of 3956 and 211689.
43
What is the greatest common divisor of 1092663 and 891?
297
What is the highest common divisor of 10 and 881610?
10
Calculate the greatest common factor of 15660 and 1311960.
1740
Calculate the highest common divisor of 303 and 322089.
303
What is the highest common factor of 8025 and 11625?
75
What is the greatest common divisor of 1826 and 464717?
913
What is the greatest common divisor of 46704 and 21504?
336
Calculate the greatest common divisor of 533 and 5837.
13
What is the highest common factor of 17062 and 1406?
38
What is the greatest common divisor of 22 and 6236648?
22
Calculate the greatest common factor of 1458307 and 57.
19
What is the greatest common factor of 1944 and 408?
24
Calculate the highest common factor of 1936 and 48.
16
Calculate the highest common divisor of 343 and 46333.
7
Calculate the greatest common divisor of 356425 and 795.
265
Calculate the highest common divisor of 18386 and 1624.
58
What is the greatest common divisor of 296232 and 72?
24
Calculate the greatest common factor of 705 and 3657540.
705
Calculate the highest common divisor of 77542 and 14716.
566
Calculate the highest common factor of 6201 and 2301.
39
What is the greatest common divisor of 8274435 and 15?
15
What is the greatest common factor of 937 and 428209?
937
What is the highest common factor of 68557 and 3064?
383
What is the greatest common factor of 4312 and 2552?
88
Calculate the greatest common divisor of 22331 and 815.
163
What is the highest common divisor of 21480 and 1320?
120
What is the highest common factor of 22525 and 61625?
425
Calculate the greatest common divisor of 111475 and 70.
35
What is the highest common divisor of 35 and 2491195?
35
Calculate the highest common factor of 2125 and 20077.
17
What is the greatest common factor of 57 and 296229?
57
What is the greatest common divisor of 108 and 837?
27
What is the highest common factor of 268 and 574190?
134
Calculate the highest common divisor of 64370 and 4082.
314
Calculate the highest common divisor of 2241 and 56349.
27
What is the highest common divisor of 18662 and 3010?
602
What is the highest common divisor of 3003 and 23331?
231
Calculate the greatest common factor of 13164 and 32.
4
What is the highest common divisor of 960495 and 60?
15
Calculate the greatest common factor of 55946 and 264.
22
Calculate the greatest common divisor of 7 